*j + 2*j. Let g be z(3). Suppose 492 = 3*b - l, -7*b - 5*l = -g*b - 311. Is b a composite number?
False
Let r(j) = -6*j - 3. Let a be r(5). Let k = 68 + a. Is k prime?
False
Suppose 0*l - 5*l = -3*v - 893, l - 2*v - 180 = 0. Is l a prime number?
False
Suppose 7 = j + 1. Suppose 2 = -2*w + j. Suppose -w*y + 3*y - 79 = 0. Is y a prime number?
True
Let c be 72/(-6) + 1 + -4. Is c/5 - -8*9 composite?
True
Suppose -16 = -q + 4*i + 3, -4*i - 20 = 0. Is (q/3)/((-1)/339) a prime number?
True
Suppose 5*g + l = 367, -237 = -3*g + 2*l + 3*l. Is g a composite number?
True
Let d(x) = -2*x - 2. Let i be d(-3). Let p(w) = w + 8*w - 3 + 8 + 12*w. Is p(i) composite?
False
Let n(s) = s. Let k be n(3). Is k*223*(-6)/(-18) a prime number?
True
Let n(x) = x**3 + 8*x**2 + 4. Let v be n(-8). Suppose -v*s + s = -711. Is s a prime number?
False
Let u = 0 - -14. Is u*(-3 - 14/(-4)) composite?
False
Let o be 5/1 - (-2 - -3). Let p be (-27)/(-6) - 2/o. Suppose -2*n + 6*n + p*u = 120, 0 = -5*n + u + 126. Is n a composite number?
True
Suppose 5*w - 800 = -165. Is w a composite number?
False
Is (-12903)/(-39) + (-4)/(-26) composite?
False
Let n(k) = 5*k**2 + 3*k. Let u be ((-6)/7)/((-3)/21). Suppose b + 0*o = 4*o - u, 3 = b + 5*o. Is n(b) composite?
True
Suppose p - 60 = -4*p. Let d be 172/(-3) + 4/p. Let m = d + 134. Is m a prime number?
False
Suppose 5*i + u = 20, 3 = 3*i - u - 9. Is (-2 + -2)/i + 116 composite?
True
Let r be 1/(-2) - 3/(-6). Suppose -2*j + 30 = 4*c, -25 = -r*c - 5*c. Suppose a + j*y - 16 = 0, -2*a + 0*y + 77 = -5*y. Is a composite?
False
Is (36/18)/(3/((-807)/(-2))) a prime number?
True
Let s = 99 + 122. Is s a composite number?
True
Let s = 2 - 2. Suppose p + s*p - 419 = 0. Is p a prime number?
True
Let f be -1 + 4 + (11 - 9). Let t = -2 - -2. Suppose t = -f*v + 113 + 432. Is v a composite number?
False
Let k = -1 + 5. Let t(b) = b - 2*b + k*b**2 - b**3 - 6*b**2. Is t(-2) composite?
False
Let f = 13 + -10. Suppose -223 = -2*v + f*o, 2*v + v = 2*o + 337. Is v prime?
True
Is (23130/(-36))/(1/(-2)) composite?
True
Suppose -15 = -4*h + 5. Let a(k) be the third derivative of k**4/4 + 5*k**3/6 - 4*k**2. Is a(h) a composite number?
True
Suppose -3*g = -6, -5*g + 1 = -3*m - 0*g. Let u(b) = 4 - 5 + m*b + b**2 + 0*b**2 - 6. Is u(6) prime?
True
Let t = -1 + 5. Suppose t*o = 3*o - 530. Is o/(-6) - (-4)/6 prime?
True
Let l(n) = -406*n**3 + n**2 + n + 1. Is l(-1) a composite number?
True
Let a(k) = -18*k**3 - 3*k**2 + 2*k - 3. Let n(z) = -z**2 + z - 1. Let c(i) = -a(i) + 3*n(i). Let l = 9 - 8. Is c(l) a prime number?
True
Let h(l) = 3*l**2 - 2*l + 1. Let c be h(1). Suppose -40 = -c*u + 5*n, 56 = u + 3*u - 4*n. Let s(m) = m**2 - 7*m + 1. Is s(u) a composite number?
False
Suppose -4*r + 947 = 279. Suppose 5*i + 2*d + 2*d = r, 5*i + 5*d - 170 = 0. Is i a composite number?
False
Let f(a) = -2*a + 9. Let q be f(8). Let i(d) = d**2 - d - 3. Is i(q) a composite number?
False
Let w = -336 - -1455. Suppose 2*v = 5*v - w. Is v a prime number?
True
Let i be (1/(-2))/((-4)/144). Let d = -17 + 34. Let p = d + i. Is p composite?
True
Suppose 2*q - q - 2 = 0. Let f(r) = r**2 - r + 2. Let x be f(0). Suppose -4*g - c = -10, x*g - 5*g = q*c - 5. Is g composite?
False
Suppose -3*w = w. Let n be 2 + (w - 1) - -39. Suppose -n + 365 = 5*o. Is o a composite number?
True
Suppose 3*d - 895 = -j - 3*j, 0 = -5*j - 25. Is d composite?
True
Is (0 - (-38)/2)/1 prime?
True
Is 646/10 + (-26)/(-65) composite?
True
Suppose -8 = 4*a - 24. Suppose -a*c + 170 = c. Suppose 4*h + c = 5*r, 3*r - 14 - 4 = 3*h. Is r prime?
False
Let b(f) = -f**2 + 6*f + 7. Is b(6) a composite number?
False
Let b(m) = m**3 + 17*m**2 + 13*m + 5. Suppose 0 = -7*z - 70 - 42. Is b(z) a composite number?
False
Let k = 325 + -138. Is k a prime number?
False
Is 1425/10 - 9/6 a prime number?
False
Let j(v) = v**2 + 20*v - 3. Is j(22) a prime number?
False
Let v(g) = 819*g**2 + 2. Is v(1) a composite number?
False
Suppose -4 = 2*z - 0. Is (1 + 1/z)*790 composite?
True
Suppose 2*p = -5*p + 6447. Is p a prime number?
False
Let w = 15 - 11. Is (w/(-6))/(4/(-762)) a prime number?
True
Let v be -1 + -2 + 14/2. Suppose c + 2*a + 17 = 0, 3 = -v*a + a. Let s = c + 26. Is s prime?
True
Let n(j) = 784*j + 10. Is n(1) a prime number?
False
Let g(t) = t**3 - 5*t**2 - 2*t - 15. Is g(6) a prime number?
False
Suppose -5*k + 0*k = 20. Let r(l) = -3*l**3 + l**2 + 10*l - 7. Let b(h) = -h**3 + h**2 + 5*h - 3. Let o(m) = -5*b(m) + 2*r(m). Is o(k) prime?
True
Suppose 0 = -q - q, -4*q = -4*d + 20. Suppose 0*o + 115 = d*o. Is o composite?
False
Suppose 0 = 3*a - 9 + 3. Suppose -a*l - 4*t + 3*t - 9 = 0, 2*l + 3*t + 3 = 0. Is 3/9 + (-124)/l prime?
False
Suppose 9*s + 4355 = 12248. Is s a prime number?
True
Suppose -5*d + 3*d - j = -433, -3*d + 647 = 4*j. Is d a composite number?
True
Let d be 1/(-3) - 16/(-3). Suppose 4 = 2*b + 5*g - 63, 0 = -d*b + 5*g + 150. Is b prime?
True
Suppose h = -4*o + 319, 5*o - 100 - 215 = -h. Is h a prime number?
False
Is (-126)/(-2) + (-12)/(-3) a composite number?
False
Let x be (-2)/(-4) - (-3375)/6. Suppose 4*d = 2*y + 448, x = 3*d + 2*d - y. Is d a prime number?
True
Let x(j) be the first derivative of -j**4/2 - 7*j**3/3 + 3*j**2 + 5*j - 1. Is x(-6) prime?
True
Is ((-16)/(-4))/(-16)*-844 composite?
False
Suppose i - 3*s - 151 = -0*s, -5*i + 729 = -2*s. Is i a composite number?
True
Let f = -793 - -1122. Is f a prime number?
False
Let v(g) = 2 + 5 + g - 5*g + 0 + g**3 - 3*g**2. Is v(5) a composite number?
False
Let a(z) = 2*z**3 - 5*z**2 - 8*z + 4. Is a(5) prime?
True
Let n be (6/(-3))/((-8)/20). Suppose j - 11 = -3*p + 2*p, n*p - 4*j - 19 = 0. Is p prime?
True
Suppose -5*b + 153 + 172 = 0. Is b prime?
False
Let z(m) = -m**3 - 6*m**2 + 7*m - 5. Let j be z(-7). Let p be -1 - (0 - 0) - j. Suppose 4*q - 179 = -k, p*k + 3*q - 749 = -2*q. Is k composite?
False
Suppose -2*q = q - 6. Is ((-826)/21)/(q/(-3)) a composite number?
False
Suppose -2*u + 0*u + 4 = 0. Suppose 0 = -0*k - k - 4*i + 51, -5*i - 128 = -u*k. Is k a composite number?
False
Let r = 22 - 12. Let a = 757 + -484. Suppose 4*c + r*m - 5*m - 333 = 0, 4*m + a = 3*c. Is c composite?
True
Suppose 0*b - 4*b + 3*h + 23 = 0, 3*b - 11 = h. Suppose -6 + b = k. Let t(q) = -75*q - 1. Is t(k) a prime number?
False
Let t(x) = 3*x**2 + 2*x. Let y(b) = 9*b**2 - 1. Let s be y(1). Let o = s + -13. Is t(o) a prime number?
False
Suppose -2 = -g + 1. Suppose -4*v - c = 3*c + 24, -2*v - 22 = -g*c. Is (-110)/(-3)*(-12)/v prime?
False
Let o(s) = -s + 1. Let y be o(5). Is 409 + 16/(-4) - y a prime number?
True
Let b = 885 + -216. Is b a prime number?
False
Let a = -12 - -14. Suppose g = -4*n - g + 380, a*g + 396 = 4*n. Is n prime?
True
Let i = -5 - -11. Let k = i + -1. Suppose -2*p + k*p = 75. Is p composite?
True
Suppose 1941 = 3*p + 3*f, p - 655 = -0*p + 3*f. Is p a prime number?
False
Let b = -98 + 142. Suppose w + 3 = 0, -5*l + 0*w + b = -3*w. Suppose 2*z = l*z - 165. Is z a composite number?
True
Let r be (-1 + 1)*2/(-4). Suppose r*o = o - 191. Is o a composite number?
False
Let h be (-4)/10 + (-306)/(-15). Suppose h = 2*n - 18. Is n composite?
False
Suppose 2*l = h + 71, l + 6*h - 18 = 3*h. Is l prime?
False
Suppose 0 = 2*k - k - 959. Is k a prime number?
False
Let q(i) be the third derivative of -i**6/120 + i**5/10 - i**4/12 - i**3/3 + 3*i**2. Is q(4) composite?
True
Is 191/2*6/3 composite?
False
Suppose 156 - 17 = n - 2*j, 0 = 5*n + 4*j - 695. Is n prime?
True
Let x be 9/(-3)*(-1 + -5). Let k = 65 + x. Is k prime?
True
Suppose 6*s = -s + 8785. Is s a composite number?
True
Suppose 0 = -5*v + 19 + 396. Is v a prime number?
True
Suppose 0 = 5*o - 15, 4*q - o + 0*o - 2289 = 0. Is q prime?
False
Suppose 7 = s + 3. Suppose -s*a = -2*a - 134. Is a a prime number?
True
Suppose -7*m + 2*m = -555. Suppose m = 3*u - a + 6*a, -2*u + 4*a + 74 = 0. Is u a prime number?
True
Let a(q) = -2 - 3 - 7*q - 4. Is a(-8) prime?
True
Let i = -3 - 0. Let n(h) = 3*h**2 + 3*h + 1. Is n(i) composite?
False
Let l = -1 - -5. Suppose 8 = -l*u - 16. Is (31/(-3))/(2/u) prime?
True
Let j be 1*-2 + (44 - -2). Let w = 85 + j. Is (1 - (5 + -2)) + w composite?
False
Let m(a) = -a - 1. Let s be m(-5). Suppose s*r + 58 = 398. Is r a composite number?
True
Let g(j) = j - 40. Let z be g(17). Suppose 20 = f + 4*f. Is z/(-1)